divisor of 56028 and 14?
14
Calculate the greatest common factor of 10 and 353.
1
What is the greatest common divisor of 28 and 238?
14
What is the greatest common factor of 294 and 1008?
42
What is the highest common divisor of 280 and 68?
4
Calculate the highest common factor of 3 and 5.
1
Calculate the greatest common divisor of 17927 and 26.
13
Calculate the highest common factor of 228 and 76.
76
Calculate the greatest common factor of 5514 and 6.
6
Calculate the highest common divisor of 33 and 44.
11
What is the highest common factor of 135 and 150?
15
Calculate the greatest common factor of 26 and 23946.
26
What is the greatest common factor of 24 and 11748?
12
Calculate the highest common factor of 704 and 44.
44
Calculate the highest common factor of 5945 and 145.
145
What is the highest common divisor of 23048 and 344?
344
What is the greatest common divisor of 6 and 294?
6
Calculate the greatest common divisor of 652 and 8.
4
Calculate the greatest common divisor of 1633 and 142.
71
Calculate the highest common factor of 1197 and 21.
21
Calculate the highest common factor of 19 and 190.
19
What is the greatest common divisor of 216 and 252?
36
What is the greatest common factor of 13 and 5759?
13
Calculate the greatest common divisor of 6 and 222.
6
Calculate the highest common factor of 272 and 48.
16
What is the greatest common factor of 45 and 144?
9
Calculate the greatest common factor of 216 and 168.
24
Calculate the highest common factor of 2755 and 725.
145
Calculate the greatest common factor of 90 and 648.
18
Calculate the highest common factor of 4843 and 116.
29
What is the highest common divisor of 198 and 528?
66
What is the greatest common factor of 132 and 8?
4
What is the greatest common factor of 46 and 529?
23
Calculate the highest common divisor of 59 and 59.
59
Calculate the greatest common factor of 8300 and 40.
20
Calculate the highest common factor of 102 and 357.
51
What is the highest common factor of 8 and 40?
8
What is the highest common factor of 43075 and 5?
5
Calculate the greatest common divisor of 10 and 290.
10
Calculate the greatest common divisor of 324 and 96.
12
What is the greatest common divisor of 40 and 120?
40
Calculate the greatest common divisor of 27 and 810.
27
Calculate the greatest common divisor of 946 and 22.
22
What is the highest common divisor of 1590 and 30?
30
Calculate the highest common divisor of 5246 and 61.
61
Calculate the greatest common divisor of 124 and 7068.
124
Calculate the greatest common factor of 14 and 350.
14
What is the highest common divisor of 31 and 1519?
31
What is the highest common divisor of 1406 and 74?
74
What is the greatest common divisor of 36 and 342?
18
Calculate the greatest common divisor of 38 and 19.
19
Calculate the highest common divisor of 2 and 229.
1
What is the highest common divisor of 5 and 445?
5
Calculate the greatest common factor of 1406 and 370.
74
What is the greatest common divisor of 80 and 8016?
16
Calculate the greatest common factor of 76 and 133.
19
Calculate the highest common divisor of 50 and 80.
10
Calculate the highest common factor of 74 and 37.
37
Calculate the greatest common divisor of 228 and 304.
76
Calculate the greatest common divisor of 23 and 299.
23
Calculate the highest common factor of 768 and 204.
12
What is the highest common divisor of 387 and 54?
9
Calculate the highest common factor of 12 and 1500.
12
What is the highest common factor of 1164 and 96?
12
Calculate the greatest common factor of 88 and 209.
11
What is the greatest common divisor of 620 and 248?
124
Calculate the greatest common factor of 696 and 648.
24
Calculate the greatest common divisor of 299 and 26.
13
Calculate the greatest common factor of 490 and 210.
70
What is the greatest common factor of 584 and 3358?
146
What is the highest common factor of 261 and 75?
3
What is the greatest common divisor of 6 and 126?
6
What is the highest common divisor of 101 and 2525?
101
Calculate the highest common factor of 27 and 12.
3
What is the highest common divisor of 56 and 1708?
28
What is the greatest common factor of 147 and 91?
7
Calculate the greatest common factor of 19 and 437.
19
Calculate the greatest common factor of 95 and 380.
95
Calculate the highest common factor of 7210 and 103.
103
What is the highest common factor of 12045 and 165?
165
What is the highest common factor of 2691 and 828?
207
What is the greatest common factor of 105 and 784?
7
Calculate the highest common factor of 25 and 50.
25
Calculate the greatest common divisor of 486 and 558.
18
Calculate the greatest common divisor of 48 and 48.
48
What is the highest common factor of 354 and 6?
6
What is the greatest common divisor of 5 and 3635?
5
Calculate the greatest common factor of 61 and 610.
61
Calculate the greatest common factor of 147 and 637.
49
Calculate the highest common divisor of 1365 and 840.
105
What is the greatest common divisor of 52 and 60?
4
What is the highest common factor of 87 and 300?
3
What is the greatest common divisor of 11 and 187?
11
What is the highest common factor of 286 and 117?
13
What is the highest common factor of 33 and 1056?
33
Calculate the greatest common factor of 11728 and 96.
16
Calculate the greatest common divisor of 165 and 264.
33
What is the highest common factor of 2630 and 30?
10
What is the highest common factor of 50 and 25?
25
What is the highest common divisor of 102 and 12?
6
Calculate the highest common factor of 15 and 9.
3
What is the greatest common divisor of 170 and 119?
17
What is the greatest common factor of 203 and 493?
29
What is the highest common factor of 5368 and 88?
88
What is the greatest common divisor of 44 and 4?
4
What is the greatest common factor of 94 and 23594?
94
What is the highest common divisor of 102 and 96?
6
What is the greatest common factor of 125 and 5?
5
What is the highest common factor of 451 and 11?
11
What is the greatest common divisor of 3096 and 215?
43
Calculate the highest common divisor of 154 and 385.
77
Calculate the greatest common factor of 42 and 7266.
42
What is the greatest common divisor of 117 and 39?
39
Calculate the highest common divisor of 21 and 875.
7
What is the highest common divisor of 973 and 7?
7
Calculate the greatest common divisor of 2 and 202.
2
Calculate the greatest common divisor of 837 and 27.
27
What is the highest common divisor of 7223 and 31?
31
Calculate the greatest common factor of 9 and 27549.
9
Calculate the highest common factor of 8 and 3992.
8
What is the greatest common divisor of 17561 and 34?
17
What is the greatest common factor of 25 and 150?
25
Calculate the highest common factor of 14 and 10.
2
Calculate the highest common factor of 275 and 220.
55
What is the greatest common factor of 726 and 11?
11
What is the greatest common divisor of 75 and 340?
5
Calculate the greatest common factor of 46 and 4991.
23
Calculate the highest common divisor of 112 and 40.
8
What is the highest common factor of 78 and 2262?
78
Calculate the highest common factor of 117 and 11817.
117
What is the greatest common divisor of 3431 and 73?
73
What is the greatest common divisor of 8 and 2054?
2
Calculate the greatest common factor of 13332 and 132.
132
Calculate the greatest common factor of 2832 and 912.
48
What is the highest common factor of 200 and 12100?
100
What is the highest common factor of 17 and 3?
1
What is the highest common divisor of 1357 and 276?
23
What is the greatest common divisor of 1836 and 9?
9
Calculate the highest common factor of 57 and 551.
19
What is the greatest common divisor of 496 and 186?
62
What is the highest common divisor of 300 and 6500?
100
Calculate the highest common factor of 22 and 913.
11
What is the greatest common divisor of 16 and 256?
16
Calculate the highest common divisor of 186 and 496.
62
Calculate the greatest common divisor of 4452 and 168.
84
Calculate the greatest common divisor of 47586 and 28.
14
What is the greatest common factor of 7335 and 45?
45
Calculate the greatest common divisor of 22 and 3839.
11
Calculate the highest common factor of 682 and 434.
62
What is the highest common factor of 624 and 351?
39
Calculate the greatest common divisor of 345 and 60.
15
Calcula